 = -2*f - 5. Suppose 0 = 4*w + w + 25, -135 = -5*u + t*w. Suppose 5*k = u, -5*k = 3*q - 4*q - 2. List the prime factors of q.
23
Suppose 0 = -24*s + 18*s + 2406. Let o = s + -248. What are the prime factors of o?
3, 17
Let h(d) = -1 - 16*d - 4*d - 26*d. Let t = 5 + -6. What are the prime factors of h(t)?
3, 5
Suppose -31*m + 1236 = -28*m. What are the prime factors of m?
2, 103
Suppose -1161 = -3*c + 4*l + l, 2*c = 2*l + 778. Suppose 4*k = -2*p + 268, c = -0*p + 3*p + 4*k. What are the prime factors of p?
2, 31
Let d = -22 - -13. Let g = 120 + -106. Let i = g + d. List the prime factors of i.
5
Let v(r) = -r**3 - 5*r**2 + r - 1. Let q be v(-5). Let u be 8/6 + 116/q. List the prime factors of 2/9 - 212/u.
2, 3
Suppose -4*u + 4*o = -o - 4096, -u + 5*o + 1039 = 0. List the prime factors of u.
1019
Let x = -2918 - -7517. What are the prime factors of x?
3, 7, 73
Let v(f) = -f**3 + 11*f**2 + 19*f + 13. What are the prime factors of v(-11)?
2, 3, 137
Let k = 2054 - 1223. What are the prime factors of k?
3, 277
Let m = 28 - 34. Let d(g) = g**3 + 7*g**2 + 2*g - 13. What are the prime factors of d(m)?
11
Let n = 98 + -108. List the prime factors of 281 - (n - (-9 + 4)).
2, 11, 13
Suppose 1289 = -4*y + 4*d + 18409, -12 = 3*d. List the prime factors of y.
2, 1069
Suppose 17*m + 5609 = 15163. What are the prime factors of m?
2, 281
Suppose -2*k + 182 = -90. Suppose -4*j = 3*b + 2*b - k, -5*b + 5*j = -145. What are the prime factors of b?
2, 7
Let x = -13 + 16. Suppose -7 - 6 = n - x*s, 2*s = 5*n + 26. List the prime factors of (-46)/n*(-3 - -5).
23
Let n = -228 + 230. Let k be (-2)/7 + (-69)/(-21). What are the prime factors of (4/k)/n*75?
2, 5
Let c be (0/(-2))/(-1 + 0). Let i(g) = -11*g**2 + 11*g + 61. Let x(b) = 5*b**2 - 5*b - 30. Let n(d) = -6*i(d) - 13*x(d). What are the prime factors of n(c)?
2, 3
Let z = -1 + 3. Let p be (-2 - -7)*z*4. Suppose 0 = -3*y + p + 125. What are the prime factors of y?
5, 11
What are the prime factors of (-254550)/(-55) + 20/(-110)?
2, 13, 89
Let p = 29 + -24. Suppose 0 = 2*w - p*w + 15. Suppose -4*a = 5*k - 147, w*k - 14 = -5*a + 171. List the prime factors of a.
2, 19
Let v = -357 - -605. List the prime factors of v.
2, 31
Let l(q) = 143*q**2 + 3*q - 3. Let g be l(1). Suppose -g = -11*d + 1254. List the prime factors of d.
127
Let w be -2 + (4 + -6 - -5). Let f(l) = 15*l - w + 1 + 5 + 0. What are the prime factors of f(3)?
2, 5
Let o(f) = -145*f - 1035. List the prime factors of o(-44).
5, 1069
Suppose 16*t - 15*t = 2. Suppose 0 = 4*r + 5*u - 53, 0*u = -5*r - t*u + 45. What are the prime factors of r?
7
Let c = 155 + -370. Let f = -151 - c. List the prime factors of f.
2
Suppose -21*v + 71 = -20*v. List the prime factors of v.
71
Let k(i) = -i**3 + 5*i**2 - 4*i + 6. Let p be k(4). Let d(z) = -2*z - 3*z + 3*z + p*z + 3. What are the prime factors of d(3)?
3, 5
Suppose 6*i - 7*i - 128 = 0. Let u = -59 - i. List the prime factors of u.
3, 23
Let y be ((-10)/(-3))/((-9)/(-27)). Suppose 0 = -3*j + 2*z + 8, j - y = -2*j + z. Suppose 145 = j*o + o. What are the prime factors of o?
29
Let o = 11 + -9. Suppose -5*i + 309 = u, 57 = -o*i + 3*i + 5*u. Suppose -k = -2*d - 11 + i, -3*k - 45 = -2*d. What are the prime factors of d?
3
Suppose 3*y - 5*z = -2*z + 2613, 2*z - 6 = 0. Suppose -y = -4*b + 318. What are the prime factors of b?
2, 149
Let k = 642 - 356. Suppose -5*v - 3*n + 45 = -k, -5*v + 5*n = -315. What are the prime factors of v?
5, 13
Let i(z) = 7*z - 5. Let h be i(2). Suppose 3*o + 3 = -4*b - h, -5*b - 4 = o. Suppose 0 = s + 2*s - 3*r - 174, b = 2*r - 4. What are the prime factors of s?
2, 3, 5
Suppose g - 4*q - 359 = 0, -21*q = -23*q. What are the prime factors of g?
359
Suppose 2*j - 72 + 22 = 0. Let t be (1*-4)/(2 + 0). Let i = j - t. What are the prime factors of i?
3
Suppose a - 1 = 0, -2355 = 2*o - 4*o + a. Suppose -11*m = -428 - o. What are the prime factors of m?
2, 73
Suppose 6*n + 40 = 8*n. Let c = -9 + n. Let p(a) = a**3 - 12*a**2 + 16*a - 5. List the prime factors of p(c).
2, 5
Let w(j) = 2*j**2 + 16*j + 9. Suppose -21 + 10 = o. Let g be w(o). Suppose g = 2*u + 5*t, 2*u - 4*t + 0 - 102 = 0. What are the prime factors of u?
3, 5
Let v be (8/(-6))/(4/6). Let i = v + 6. Let m = i - -9. What are the prime factors of m?
13
Suppose 5*k = 2*l + 1, 0*k + 6 = -3*l + 3*k. Let y be -2 + (-3 - 29) - l. Let z = 55 + y. What are the prime factors of z?
2, 3
What are the prime factors of (-6)/20 + 0 + 2001972/840?
2383
Let m(w) = 4*w - 18. Suppose -8 = -b - b. Suppose 4*s - 5 = 3, -b*y + 4*s = -40. What are the prime factors of m(y)?
2, 3, 5
Let w(m) = -m**3 - 4*m**2 + 11*m - 2. Let f be w(-6). Suppose d = f*g + 111, -3*d + 4*d + 2*g - 81 = 0. What are the prime factors of d?
7, 13
Let h(a) = 3*a - 7. Let n be h(4). Suppose 16 = y + 3*x, 20 = -3*y + n*y + 2*x. Suppose -y*v + 11*v = 16. List the prime factors of v.
2
Let q(h) = 158*h**2 - 6*h - 5. Let m be ((-12)/(-24))/((-1)/2). What are the prime factors of q(m)?
3, 53
Suppose 0 = 5*x + 5*c + 20, 4*x - 9 - 3 = 3*c. Suppose -j + 2*o - 248 = -6*j, x = 4*j - 4*o - 204. What are the prime factors of j?
2, 5
Let x(p) be the first derivative of p**2/2 - 6*p + 2. Let z be x(4). Let v = 19 + z. List the prime factors of v.
17
Let w be 2902/(-8) - (-12)/16. What are the prime factors of (-9)/54 - w/12?
2, 3, 5
Suppose -3*a + 7712 = -0*m + 5*m, 4608 = 3*m - 3*a. What are the prime factors of m?
2, 5, 7, 11
Let l = -67 - -49. Let q = 17 - l. What are the prime factors of q?
5, 7
Let o(p) be the second derivative of 33*p**4/4 - 2*p**3/3 + p**2 + 9*p. What are the prime factors of o(1)?
97
Let d(a) = -a + 2. Let p be ((-2)/3)/((-4)/(-12)). Let t be d(p). Suppose -25 = -y - x, 4*y - t*x - 68 - 8 = 0. What are the prime factors of y?
2, 11
Suppose x - 1255 = 4*f, 5*x + 3*f - 3150 = 3171. What are the prime factors of x?
3, 421
Let u = -5180 - -7401. List the prime factors of u.
2221
Let f = -298 - -1379. What are the prime factors of f?
23, 47
Suppose -2*x + 5 = -3. Let i(s) = s**3 + 2*s**2 + 5*s + 5. Let d(v) = v**3 + 3*v**2 + 6*v + 6. Let f(o) = 6*d(o) - 7*i(o). List the prime factors of f(x).
5
What are the prime factors of (1/4)/(5/12860)?
643
Suppose -5 = -3*o + 4*o, -3*o + 299 = -2*u. Let t = 339 + u. What are the prime factors of t?
2, 7, 13
Let u(n) = -n**3 - n**2 + n + 53. Let v be (-4 + -2)*1/2. Let q = 3 + v. What are the prime factors of u(q)?
53
Let f(n) = 9*n**2 + 115*n + 15. What are the prime factors of f(-16)?
479
List the prime factors of (6/(-12))/((-6)/(-24)) + 1639.
1637
Suppose -5*n - 3452 = -3*m, 20*m - n = 23*m - 3482. What are the prime factors of m?
19, 61
Let s be 3/(-4) - (-108)/16. Let f = s + 5. Let n = 49 - f. What are the prime factors of n?
2, 19
Suppose -5*z = -2*z + 75. Let p = z + 36. Suppose 4*g + p = 2*c - 139, -c + 78 = -g. List the prime factors of c.
3
Suppose 2*d - 80 - 124 = -3*i, 0 = -d + i + 112. Suppose 4*y - 5*h - 169 - 99 = 0, 4*h = -2*y + d. What are the prime factors of y?
2, 31
Suppose 4*i - 450 = -f, 3*i = -5*f - 2*i + 2235. What are the prime factors of f?
2, 223
Suppose -11 = -3*g + 13. Let i(o) = -8 + 4 + 2*o + 21 - 8. List the prime factors of i(g).
5
Let u(l) = 2*l**2 + 3. Let i be u(-2). Suppose 0*o - 4*o + m + i = 0, 5*o + m = 7. Suppose 4*x = -t + 15, -o*t - x = -2*x - 12. What are the prime factors of t?
7
Suppose -2*f + q + 1351 = 0, f - 10*q + 8*q = 680. What are the prime factors of f?
2, 337
Suppose 3*h - 1784 = 2*h - 3*t, h = -5*t + 1784. What are the prime factors of h?
2, 223
Suppose -9*g = -11*g - 174. Let i be (-2)/(-6)*0 - g. Suppose -2*n - 62 = -2*a, 0 = -3*a - 0*a + n + i. What are the prime factors of a?
2, 7
Suppose -5 = -2*f - 2*v + 7, 4*f - v = 14. Suppose -2*j = 4*y + 8, -2*j - 2*y - 1 = -3. Let h = j + f. What are the prime factors of h?
2, 5
Let j be (-6)/(-14) - (-90)/35. Let a be (j + -9)*3/9. Let p(d) = -4*d - 1. What are the prime factors of p(a)?
7
Let c(m) = m**3 + 13*m**2 + 10*m - 13. Let f be c(-12). Let y(r) = -7 + r + 1 + 4. What are the prime factors of y(f)?
3
Suppose 4*n = 4, -3*n = 2*w + n - 2914. What are the prime factors of w?
3, 5, 97
Let l = 113 + -117. What are the prime factors of l/22 - 14800/(-88)?
2, 3, 7
Let z(o) = -o**3 - o**2 + o - 372. Let h be z(0). Let l be (-2)/3 - h/18. Wh